8 (base 16) in base 5?
13
What is 32 (base 4) in base 3?
112
What is -1001010 (base 2) in base 16?
-4a
What is 111 (base 2) in base 10?
7
2 (base 5) to base 3
2
Convert -21 (base 8) to base 9.
-18
233 (base 8) to base 7
311
-41 (base 10) to base 11
-38
Convert 225 (base 6) to base 7.
155
What is -3 (base 10) in base 15?
-3
What is 33 (base 13) in base 6?
110
What is 1 (base 15) in base 13?
1
4 (base 15) to base 6
4
Convert -5 (base 8) to base 16.
-5
-98 (base 11) to base 4
-1223
What is 21 (base 3) in base 4?
13
Convert 8 (base 14) to base 3.
22
What is -3 (base 15) in base 7?
-3
15 (base 15) to base 11
19
Convert -1202 (base 4) to base 7.
-200
-2021 (base 4) to base 9
-162
a (base 13) to base 5
20
What is -4 (base 7) in base 16?
-4
Convert -80 (base 11) to base 8.
-130
-11 (base 12) to base 16
-d
1 (base 3) to base 9
1
What is -10 (base 7) in base 12?
-7
What is 28 (base 16) in base 15?
2a
Convert -2 (base 10) to base 6.
-2
What is cd (base 15) in base 9?
234
1 (base 12) to base 9
1
What is 102 (base 9) in base 12?
6b
What is -3 (base 8) in base 16?
-3
Convert -6a (base 11) to base 3.
-2211
What is 13 (base 12) in base 8?
17
Convert -12 (base 3) to base 4.
-11
154 (base 6) to base 4
1012
What is -c (base 15) in base 8?
-14
Convert 5 (base 16) to base 11.
5
-30 (base 9) to base 13
-21
What is 13 (base 8) in base 13?
b
Convert 102 (base 3) to base 5.
21
2e (base 16) to base 14
34
Convert 2 (base 6) to base 15.
2
What is -1 (base 9) in base 14?
-1
Convert 21 (base 13) to base 4.
123
Convert 3e (base 15) to base 10.
59
Convert 42 (base 14) to base 3.
2011
What is -1 (base 5) in base 14?
-1
Convert -5 (base 6) to base 12.
-5
What is 2 (base 16) in base 6?
2
What is 4 (base 16) in base 5?
4
What is 10 (base 4) in base 13?
4
-3 (base 12) to base 11
-3
What is 70 (base 16) in base 14?
80
What is 9 (base 14) in base 12?
9
0 (base 4) to base 9
0
What is 7 (base 11) in base 15?
7
Convert 2 (base 12) to base 3.
2
What is -111 (base 5) in base 12?
-27
Convert -10 (base 3) to base 7.
-3
139 (base 16) to base 4
10321
-1 (base 12) to base 14
-1
Convert -314 (base 6) to base 2.
-1110110
Convert -24 (base 9) to base 14.
-18
Convert 11 (base 6) to base 13.
7
28 (base 12) to base 3
1012
What is -2 (base 12) in base 10?
-2
What is 122 (base 7) in base 4?
1001
-4 (base 8) to base 6
-4
-123 (base 6) to base 8
-63
What is -15 (base 12) in base 15?
-12
What is -38 (base 13) in base 9?
-52
55 (base 8) to base 13
36
Convert 4 (base 14) to base 5.
4
-4 (base 16) to base 6
-4
-2 (base 8) to base 9
-2
What is -30 (base 12) in base 9?
-40
Convert 53 (base 7) to base 9.
42
-128 (base 13) to base 8
-313
What is 2 (base 16) in base 9?
2
Convert -ba (base 15) to base 12.
-127
99 (base 15) to base 7
264
What is -3a (base 13) in base 16?
-31
1 (base 5) to base 7
1
Convert 0 (base 14) to base 9.
0
-10 (base 2) to base 11
-2
Convert 0 (base 7) to base 15.
0
Convert -110001 (base 3) to base 5.
-2300
Convert 10 (base 16) to base 11.
15
What is -351 (base 7) in base 11?
-157
-17 (base 15) to base 13
-19
-2 (base 9) to base 13
-2
What is 7 (base 13) in base 15?
7
What is 2 (base 16) in base 12?
2
-3 (base 9) to base 14
-3
-10001 (base 2) to base 7
-23
What is 11 (base 2) in base 10?
3
What is -5 (base 12) in base 3?
-12
Convert -84 (base 13) to base 2.
-1101100
Convert -101 (base 3) to base 12.
-a
-22 (base 8) to base 12
-16
8 (base 13) to base 9
8
-34 (base 14) to base 16
-2e
-16 (base 15) to base 14
-17
Convert 1121 (base 4) to base 16.
59
11 (base 15) to base 7
22
Convert -121 (base 6) to base 8.
-61
What is 10001011 (base 2) in base 12?
b7
-2 (base 10) to base 15
-2
What is -110 (base 2) in base 16?
-6
3b (base 12) to base 5
142
Convert -9 (base 12) to base 8.
-11
73 (base 11) to base 7
143
Convert -5 (base 10) to base 4.
-11
What is -59 (base 15) in base 11?
-77
Convert -41 (base 10) to base 6.
-105
9 (base 16) to base 4
21
Convert 3 (base 14) to base 3.
10
Convert 33 (base 11) to base 12.
30
What is -2 (base 15) in base 9?
-2
Convert 243 (base 9) to base 3.
21110
23 (base 10) to base 5
43
14 (base 7) to base 16
b
-11 (base 8) to base 6
-13
What is -10 (base 2) in base 5?
-2
20 (base 7) to base 3
112
12 (base 4) to base 10
6
What is 10 (base 13) in base 6?
21
What is -133 (base 6) in base 8?
-71
-2 (base 12) to base 5
-2
What is -112 (base 3) in base 7?
-20
What is 100 (base 4) in base 10?
16
48 (base 13) to base 11
55
What is -2 (base 5) in base 10?
-2
What is -a2 (base 13) in base 14?
-96
What is 2e (base 15) in base 4?
230
What is 203 (base 7) in base 3?
10202
What is -1 (base 3) in base 12?
-1
Convert 3 (base 14) to base 8.
3
Convert -10 (base 7) to base 3.
-21
What is 17 (base 16) in base 15?
18
What is -11 (base 12) in base 15?
-d
9 (base 11) to base 2
1001
-2 (base 13) to base 2
-10
What is -122 (base 3) in base 8?
-21
What is -3 (base 4) in base 14?
-3
What is 0 (base 12) in base 9?
0
What is 7 (base 12) in base 7?
10
-a (base 13) to base 12
-a
Convert 40 (base 8) to base 15.
22
c (base 15) to base 2
1100
Convert 3 (base 12) to base 13.
3
Convert -6 (base 16) to base 11.
-6
Convert 2 (base 10) to base 5.
2
Convert 103 (base 4) to base 15.
14
Convert -7 (base 8) to base 2.
-111
-125 (base 6) to base 2
-110101
What is a1 (base 11) in base 16?
6f
101 (base 3) to base 10
10
2 (base 15) to base 13
2
-1000 (base 2) to base 15
-8
Convert -11 (base 8) to base 13.
-9
What is -71 (base 8) in base 7?
-111
Convert -10010010 (base 2) to base 5.
-1041
What is 21 (base 13) in base 14?
1d
204 (base 7) to base 14
74
What is 10 (base 4) in base 5?
4
What is 326 (base 10) in base 6?
1302
Convert -1 (base 6) to base 5.
-1
Convert 4 (base 12) to base 11.
4
What is 101110 (base 2) in base 6?
114
24 (base 5) to base 13
11
What is 116 (base 7) in base 14?
46
11 (base 13) to base 14
10
What is 2a (base 13) in base 14?
28
-11 (base 5) to base 3
-20
-1 (base 6) to base 15
-1
Convert -12 (base 3) to base 9.
-5
What is -28 (base 11) in base 14?
-22
Convert -21 (base 10) to base 9.
-23
What is -6 (base 10) in base 15?
-6
-3 (base 12) to base 6
-3
-5 (base 16) to base 12
-5
Convert -42 (base 6) to base 7.
-35
What is 20 (base 16) in base 12?
28
What is 1311 (base 4) in base 16?
75
What is -3 (base 7) in base 8?
-3
Convert -20 (base 4) to base 2.
-1000
Convert -19 (base 15) to base 9.
-26
3 (base 10) to base 4
3
What is 4 (base 12) in base 11?
4
Convert 11 (base 9) to base 5.
20
-7 (base 11) to base 2
-111
30 (base 15) to base 6
113
What is 7 (base 13) in base 6?
11
What is -1000 (base 3) in base 14?
-1d
What is -20 (base 7) in base 4?
-32
Convert 0 (base 3) to base 15.
0
211 (base 5) to base 16
38
What is -2 (base 16) in base 6?
-2
Convert 10000000 (base 2) to base 13.
9b
-9 (base 16) to base 7
-12
What is 5 (base 7) in base 15?
5
210 (base 6) to base 11
71
Convert -1a (base 11) to base 3.
-210
Convert 120011 (base 3) to base 16.
199
What is -10102 (base 4) in base 11?
-22a
20 (base 4) to base 2
1000
What is 2 (base 16) in base 7?
2
What is 136 (base 13) in base 3?
21221
Convert a9 (base 16) to base 5.
1134
What is 10 (base 2) in base 9?
2
What is -4 (base 14) in base 16?
-4
Convert 3 (base 13) to base 14.
3
-3 (base 14) to base 7
-3
What is -11 (base 12) in base 14?
-d
44 (base 5) to base 2
11000
What is -1d (base 14) in base 16?
-1b
Convert -1444 (base 6) to base 15.
-1ad
Convert -5b (base 13) to base 15.
-51
Convert -12002 (base 3) to base 14.
-9b
-5 (base 16) to base 5
-10
-20 (base 4) to base 2
-1000
Convert 205 (base 6) to base 12.
65
22 (base 14) to base 8
36
What is -13 (base 13) in base 10?
-16
-3 (base 13) to base 16
-3
What is -3 (base 12) in base 3?
-10
What is 1 (base 16) in base 7?
1
What is -4 (base 6) in base 4?
-10
312 (base 6) to base 10
116
-4 (base 7) to base 3
-11
-a (base 11) to base 8
-12
-276 (base 9) to base 8
-347
Convert -1 (base 12) to base 8.
-1
What is 176 (base 9) in base 16?
96
What is 41 (base 16) in base 15?
45
What is 440 (base 5) in base 11?
aa
3 (base 12) to base 15
3
4 (base 12) to base 11
4
What is -15 (base 9) in base 5?
-24
-c9 (base 13) to base 8
-245
3 (base 4) to base 16
3
Convert 0 (base 6) to base 2.
0
-1 (base 2) to base 6
-1
Convert -1f (base 16) to base 6.
-51
-27 (base 15) to base 10
-37
What is -11110101 (base 2) in base 11?
-203
Convert -102 (bas